
What is -7 + 13 - (4 + (1 - 2))?
3
Evaluate 1 - -1 - (-5 - -7).
0
Calculate -16 + (-8 - -17) + 2.
-5
What is the value of -1 + 0 - -5 - (25 - 25)?
4
Evaluate -9 - -8 - -4 - (6 + 0).
-3
What is 5 - (5 + (-5 + -1 - -3))?
3
Calculate 5 + -5 + (-1 - 2) + 3.
0
Calculate -1 + 5 + -5 + (2 - 4).
-3
Evaluate -8 + (9 - 3) + 8.
6
3 + (2 - 14) - (-7 + 3)
-5
What is the value of -1 + (-2 - -5) - 8 - 1?
-7
(1 - 3) + -1 + (3 - -3)
3
Calculate (-3 - (-8 + (5 - -7))) + 2.
-5
8 + -16 + 4 + 7
3
What is the value of (-3 + -10 - -8) + 6?
1
Evaluate (5 - 3 - 9) + (27 - 21).
-1
Calculate 7 - (10 - 12) - 11.
-2
What is the value of -11 - -11 - (2 + -4)?
2
(-13 - -9) + -5 + 12
3
Evaluate 7 + -10 - (1 - 4).
0
Calculate 6 - 4 - 2 - 6 - -5.
-1
(4 - 1 - (-9 + 4)) + -3
5
What is -1 - 0 - -20 - (171 + -163)?
11
What is the value of 9 - (0 + 11 + 1)?
-3
What is 4 + 2 + (-5 - 4)?
-3
What is -1 - 0 - (-3 - -1) - 3?
-2
Evaluate -2 + 1 + -3 + (7 - 3).
0
Evaluate 22 + -12 + (-2 - 3).
5
Calculate -1 + -1 + 1 - (-31 - -29).
1
What is (-6 - -11) + -1 + 0 + 0?
4
What is the value of (1 - 7) + -3 + 11 + -4?
-2
2 + (0 - -3) + -1
4
What is 8 + -2 - (13 + -10)?
3
Calculate 18 + (-8 - (-5 + 8)).
7
(0 - (-1 - 7)) + -8
0
Calculate (-12 - -12 - 11) + 11.
0
-15 - ((-16 - -1) + 6)
-6
4 + 1 - (-4 - (6 + -16))
-1
Calculate -1 + (6 - (0 + 6) - -8).
7
Calculate 12 - (6 + 4) - 4.
-2
Evaluate 0 + (2 - 7) + 2 + 8.
5
What is -7 - -3 - (3 - (-1 + 4))?
-4
Calculate 1 + -3 - (-1 + 3).
-4
What is the value of 22 + -14 + -6 + 1?
3
What is -1 - -7 - 1 - 1?
4
Calculate 5 + (-2 + -1 - 10) + 4.
-4
What is the value of -25 + 31 - (5 + 0)?
1
Evaluate -9 - (-2 + -3 + -5).
1
What is 10 + (6 - (4 - -5)) - 1?
6
6 + (0 + -4 - 1)
1
Evaluate 1 - (4 + -6 - 2).
5
What is (-1 - (-4 + 2)) + (1 - 3)?
-1
What is the value of 0 + 1 + (3 - 7)?
-3
What is the value of 0 + (0 - 9) + (4 - 2)?
-7
28 - 22 - (0 - -5)
1
3 + (-2 + 7 - 6)
2
Calculate 3 + -18 - (-18 - -2).
1
Calculate -20 - -10 - (-6 + -2 + 4).
-6
0 + 5 + -7 + -2 + 8
4
What is the value of -2 - 0 - (-2 - 2)?
2
What is the value of (10 - 4) + -14 + 6 + -1?
-3
Calculate (-4 - -9) + -5 - (2 + -5).
3
Calculate -1 - (0 - -7 - 3).
-5
What is -2 + -5 + 1 - (29 - 28)?
-7
-5 - (0 + -1 + -2)
-2
What is the value of -6 + (-1 - (-5 - -3))?
-5
Evaluate 6 + -2 + 2 - 1.
5
What is the value of -14 + 16 + (-1 - 3)?
-2
What is 0 - (11 + -2 - 1 - 5)?
-3
What is the value of -6 + 6 + 1 + -2?
-1
Calculate -3 + 7 + -8 + 7.
3
What is the value of 0 + 10 + 17 + -24?
3
What is -6 - (43 + -39 + -10 + 1)?
-1
5 - 5 - (5 - -1 - 2)
-4
What is 6 + (-5 - (-3 - 1 - -3))?
2
What is the value of -2 + -2 + 6 + -1 + 0?
1
Calculate (8 - 1) + 0 + (-487 - -481).
1
Evaluate 2 - (5 + -4 + 3).
-2
-2 - (1 - 16 - (34 - 39))
8
What is the value of (-11 - -14) + (3 - 1) + -1?
4
Calculate 18 + -2 + -6 + 1 + 0.
11
What is the value of 1 + (-5 + (-5 - -10) - 0)?
1
What is the value of -7 + (3 + 1 - 2) - 0?
-5
What is (0 - -3) + 4 + -3?
4
Calculate -2 + 13 - 15 - -7.
3
(-1 - 3) + -3 + 7 - 4
-4
What is the value of -46 + 53 - (3 - 1)?
5
-8 - (-10 - (-1 - 7))
-6
(6 - 5) + (4 - 2) + 0
3
Calculate -20 + 30 - (19 + -6).
-3
Evaluate -4 + (-3 - 1) + 4.
-4
What is the value of 2 - (8 + -5) - (-2 - -7)?
-6
What is 0 + -2 + 5 - (10 - 12)?
5
What is -17 + (23 - (3 + 8))?
-5
4 - ((6 - 0) + -6 - -5)
-1
What is 3 - (19 + -12) - 0?
-4
What is the value of -6 + 0 + -6 + 6 + 7?
1
(-6 - -9 - 6) + 1 + -1
-3
What is the value of -17 - -14 - (1 - 0)?
-4
What is the value of -1 - 2 - (-18 - (-6 + -7))?
2
What is 1 - (-1 - 0 - 2) - 9?
-5
What is -4 + 9 + (-11 - -1)?
-5
7 + -8 + (3 - 1) + -2
-1
What is the value of -7 + 6 + -3 + (-2 - -2)?
-4
6 - (6 - (5 - 1) - -4)
0
Evaluate 2 + (-6 - (-3 - -4)).
-5
What is -1 - (1 - (-2 - 2))?
-6
What is the value of -1 + 5 - (-3 + 4 + 1)?
2
Calculate 2 + 14 + -13 + (0 - -2).
5
(0 - 1) + (40 - 36)
3
9 + -2 - (1 + 3 - 1)
4
What is the value of 5 + 7 + -16 + 1?
-3
(0 - -4) + (5 + -3 - 5)
1
-3 - 1 - 3 - (-4 - -2)
-5
What is the value of 0 + -3 - (-52 - -53)?
-4
Evaluate (-1 + 6 - (-22 + 28)) + -6.
-7
What is (-18 - -16) + 0 + 0 + 0?
-2
Evaluate 1 - (-1 + (-2 - -3)).
1
What is the value of 3 - (7 + -2 + -6) - 8?
-4
Calculate (27 - 26) + 2 + 2 + -6.
-1
Calculate (-2 - (-1 - (4 + -4))) + 4.
3
Evaluate (1 - (-8 + (1 - -2))) + -4.
2
Calculate -13 - -9 - 1 - 1.
-6
What is -3 - (-16 - -13) - -2?
2
What is 3 + (-4 - 3) + -4 + 7?
-1
Evaluate 2 - (2 + (-4 - -6)).
-2
Evaluate 37 - 44 - (-3 - 6).
2
Calculate (-2 - 3 - 8) + 5.
-8
What is (6 - 12 - 1) + 9?
2
Evaluate -4 + 0 + (42 - 35).
3
What is the value of 5 + -5 + -6 + 3?
-3
Evaluate 0 + -22 + 9 + 6.
-7
What is the value of 0 + (15 - 8) + 0 + 1?
8
Evaluate 0 - (5 - -3) - -3.
-5
4 + (11 + -9 - 8)
-2
What is 3 - (-2 - -2 - 1)?
4
-3 - -4 - -2 - (-7 - -5)
5
(-8 - (-6 + -1)) + -1
-2
What is 3 - (-2 + (4 - 2))?
3
Evaluate -7 - -1 - (1 + -20 - -6).
7
What is 0 + -12 - (-40 - -34)?
-6
Evaluate 2 - (-1 + -9 - (-17 - -11)).
6
What is (10 - (5 + 0)) + -1?
4
What is the value of -2 + (2 - 8 - (4 + -6))?
-6
Calculate 8 - (-1 - (-2 - (-1 + 3))).
5
What is the value of -5 + (0 + 0 - (-12 + 9))?
-2
What is the value of -1 - 1 - (6 - (3 + 4))?
-1
Calculate 6 + -2 + -5 - (0 + 3).
-4
What is the value of -5 - -1 - (-10 + 3)?
3
5 - (-4 + 6) - 5 - -6
4
Evaluate (6 - 0) + 3 + -6 - 4.
-1
-1 + -2 + (6 - 2)
1
What is (-4 - (3 + -3)) + 8?
4
What is (-22 + 10 - -7) + -3?
-8
-3 - (-8 + 5) - (-1 - -1)
0
Calculate 3 - (3 - -5) - (-2 + -8).
5
What is the value of -1 + 8 + 2 + -4 - 4?
1
What is the value of 14 + -6 + -12 - (1 - 3)?
-2
What is 18 - 13 - (4 + 1)?
0
Evaluate 0 + 2 + (-12 + 7 - -3).
0
Calculate (1 - 4) + 5 + (-5 - -3).
0
Calculate (3 - (3 + -5)) + -5 + -5.
-5
What is the value of -6 + (16 - 4 - 11)?
-5
Evaluate 0 + -2 + 6 + -5 + 3.
2
Evaluate (-1 - -3) + 3 - 5.
0
What is 8 - 11 - -10 - 10?
-3
Evaluate -4 - ((1 - 2) + -4) - 4.
-3
What is the value of (-3 - -2) + (-12 - (-21 - -9))?
-1
What is -6 + (-3 - 5) + 9?
-5
What is the value of (-18 - -19) + (0 - (0 + -2))?
3
What is (21 - 12) + (-1 - -1 - 3)?
6
Evaluate -1 + 2 + -3 - (18 + -18).
-2
10 - (0 - -9) - (-2 + -1)
4
Calculate (1 - -1) + (6 - 13) + 3.
-2
Calculate -5 - ((-5 - -8) + -9).
1
Calculate -1 - (-9 - -1 - (0 + -4)).
3
Evaluate (-3 - 1 - -8) + -2.
2
What is -3 + 7 + 3 + -7?
0
-3 - (-3 + 9 - 10)
1
Calculate 4 - 0 - 4 - -4.
4
Calculate -30 + 17 + 30 + -8.
9
What is -14 + (13 - 6) + (0 - 1)?
-8
6 + (3 - (3 - 1))
7
Calculate (3 - 5) + -4 + (0 - -1).
-5
What is -2 - (-1 - -5) - -9?
3
What is the value of -120 - -119 - (3 + -1)?
-3
What is -5 + (-9 + 29 - 8)?
7
-8 + (2 - (-7 - 4))
5
What is the value of 2 - 9 - (0 - 15)?
8
What is the value of -14 - -17 - (1 + 0)?
2
What is the value of -3 + 7 + 6 - 18?
-8
Evaluate 1 + (6 - 4 - 2).
1
What is the value of -6 + 8 + (0 - 1 - -3)?
4
What is the value of (15 - 19) + -3 + 1?
-6
1 - (3 + (8 - 4 - 10))
4
Evaluate 8 - (10 - (0 + 7)).
5
What is the value of (-9 - (-2 - 0)) + (3 - 0)?
-4
What is 6 - -2 - (0 + 8)?
0
-4 + -2 - (8 + -10)
-4
What is the value of 2 + -12 - -4 - (7 - 19)?
6
What is the value of 2 + -1 - (0 + -10 + 10)?
1
Calculate -6 + (0 - 3) + 14 - 6.
-1
What is the value of -2 - -1 - (3 + -4 + -1)?
1
Calculate -1 + (-4 - (-3 - 6)) - 8.
-4
Evaluate 4 - 8 - 1 - -8.
3
What is -14 + 17 + (0 - -1)?
4
What is the value of (5 - (1 + 0 + 1)) + -2?
1
Calculate 1 + -1 + -5 + (-8 - -9).
-4
-4 - (-9 - (-10 + 11))
6
What is -2 + -16 + 16 + -4?
-6
Calculate -2 + (1 - 4) - (-2 + 0).
-3
What is (0 - 10) + -6 + 12?
-4
(8 - 12) + 2 + 1 + 8
7
What is -1 + 10 + (-2 - 3)?
4
(-1 - 5) + 2 + 7
3
What is (2 - (6 - 3)) + 3?
2
What is 4 - (0 + 4 + -3 + 4)?
-1
1 + (-5 - (8 - 9))
-3
Evaluate 2 + -1 + 4 + -5.
0
-2 + 1 - (-7 - 1)
7
Calculate -4 - 2 - (-1 + -2 + -1).
-2
What is -5 + (-1 - (4 - 5) - 1)?
-6
Calculate 2 - (3 + 4 + (-3 - -2)).
-4
(-8 - (-9 + 0)) + (-9 - -3)
-5
2 + 0 - 1 - (8 + -6)
-1
What is 0 + 1 - (-2 + (3 - -1))?
-1
4 - (-1 + 1 - -3 - 2)
3
What is the value of -5 + 6 + (1 - 1)?
1
What is -21 - -28 - (0 - -1)?
6
Evaluate (1 + -2 - -8) + (-73 - -66).
0
Evaluate -4 + -1 - -4 - 4.
-5
Calculate -7 - (-13 + -1 + (-5 - -9)).
3
What is (-1 - 0) + (-22 - -17) + 5?
-1
0 - -7 - ((18 - -5) + -18)
2
Calculate 12 - (7 - 0) - 4.
1
Evaluate -2 + -3 + (-2 - -3).
-4
What is the value of -7 + 0 + 6 - -2?
1
-6 - (3